8121?
1
What is the tens digit of 12671417?
1
What is the tens digit of 35905599?
9
What is the millions digit of 126638518?
6
What is the hundred thousands digit of 47940182?
9
What is the hundred thousands digit of 296361858?
3
What is the hundreds digit of 23509526?
5
What is the tens digit of 104374027?
2
What is the millions digit of 2258779788?
8
What is the tens digit of 343529998?
9
What is the hundred thousands digit of 672122899?
1
What is the hundreds digit of 1640712616?
6
What is the ten millions digit of 257231474?
5
What is the units digit of 87377808?
8
What is the ten thousands digit of 78821716?
2
What is the millions digit of 1064450531?
4
What is the tens digit of 180075091?
9
What is the tens digit of 4007547028?
2
What is the hundred thousands digit of 117028292?
0
What is the ten thousands digit of 754761098?
6
What is the thousands digit of 274045256?
5
What is the ten millions digit of 2564583207?
6
What is the ten thousands digit of 38022608?
2
What is the hundreds digit of 196283182?
1
What is the ten millions digit of 660743564?
6
What is the thousands digit of 254330969?
0
What is the hundred thousands digit of 658188483?
1
What is the tens digit of 12774310?
1
What is the thousands digit of 3124080182?
0
What is the thousands digit of 226632844?
2
What is the billions digit of 6315678499?
6
What is the tens digit of 92152953?
5
What is the tens digit of 33982520?
2
What is the ten thousands digit of 306324336?
2
What is the units digit of 117133971?
1
What is the hundred thousands digit of 71462492?
4
What is the millions digit of 9377026012?
7
What is the hundred thousands digit of 2598924527?
9
What is the millions digit of 17366402?
7
What is the ten thousands digit of 519802452?
0
What is the hundred millions digit of 2908034131?
9
What is the hundred thousands digit of 53169905?
1
What is the ten millions digit of 35332533?
3
What is the thousands digit of 17268884?
8
What is the hundred thousands digit of 56538220?
5
What is the units digit of 209582397?
7
What is the tens digit of 1164413393?
9
What is the tens digit of 196352359?
5
What is the units digit of 2847890946?
6
What is the ten thousands digit of 109067689?
6
What is the thousands digit of 26360617?
0
What is the ten thousands digit of 24871276?
7
What is the ten thousands digit of 1142681129?
8
What is the hundred thousands digit of 2349973473?
9
What is the ten thousands digit of 520960049?
6
What is the hundreds digit of 68446090?
0
What is the units digit of 89681540?
0
What is the hundreds digit of 242926185?
1
What is the hundred thousands digit of 33279751?
2
What is the units digit of 1559433467?
7
What is the hundred millions digit of 2110290446?
1
What is the hundreds digit of 27219351?
3
What is the hundreds digit of 11556027?
0
What is the thousands digit of 7761902295?
2
What is the millions digit of 2279054202?
9
What is the hundred thousands digit of 2150929407?
9
What is the hundred millions digit of 517448968?
5
What is the hundred thousands digit of 43469935?
4
What is the tens digit of 87932442?
4
What is the hundred millions digit of 1261738912?
2
What is the hundred thousands digit of 129232039?
2
What is the hundred thousands digit of 607601651?
6
What is the hundred thousands digit of 659335651?
3
What is the hundreds digit of 159220292?
2
What is the tens digit of 7818094030?
3
What is the tens digit of 16993491?
9
What is the ten thousands digit of 34506886?
0
What is the units digit of 1500696423?
3
What is the ten thousands digit of 663185250?
8
What is the tens digit of 1227892216?
1
What is the tens digit of 593660731?
3
What is the hundred millions digit of 1173805564?
1
What is the ten thousands digit of 1489309230?
0
What is the ten millions digit of 59089103?
5
What is the billions digit of 5169269186?
5
What is the tens digit of 191677581?
8
What is the hundred thousands digit of 1186935431?
9
What is the hundred millions digit of 282439533?
2
What is the ten millions digit of 580214513?
8
What is the tens digit of 14885138?
3
What is the units digit of 40819918?
8
What is the ten thousands digit of 15748931?
4
What is the hundreds digit of 150988608?
6
What is the thousands digit of 287095937?
5
What is the ten millions digit of 292015448?
9
What is the hundreds digit of 104973653?
6
What is the hundred thousands digit of 126874658?
8
What is the hundred thousands digit of 416245685?
2
What is the tens digit of 770689970?
7
What is the millions digit of 97572261?
7
What is the millions digit of 38450221?
8
What is the millions digit of 23313825?
3
What is the ten millions digit of 38864720?
3
What is the hundred millions digit of 120282054?
1
What is the tens digit of 8527735?
3
What is the units digit of 14845342?
2
What is the millions digit of 3219580423?
9
What is the hundred millions digit of 1349440039?
3
What is the units digit of 306230094?
4
What is the hundred thousands digit of 157287602?
2
What is the hundred thousands digit of 157060208?
0
What is the hundred millions digit of 793322934?
7
What is the units digit of 60180503?
3
What is the hundred thousands digit of 102782928?
7
What is the ten thousands digit of 111767668?
6
What is the hundreds digit of 734560596?
5
What is the millions digit of 45152508?
5
What is the ten thousands digit of 52730868?
3
What is the hundreds digit of 3829830562?
5
What is the ten millions digit of 24867140?
2
What is the thousands digit of 247825415?
5
What is the units digit of 299724859?
9
What is the thousands digit of 4905346075?
6
What is the hundreds digit of 1386533490?
4
What is the thousands digit of 71212365?
2
What is the units digit of 177697397?
7
What is the millions digit of 101972821?
1
What is the hundred thousands digit of 35600232?
6
What is the hundred thousands digit of 78275511?
2
What is the ten thousands digit of 22959038?
5
What is the ten thousands digit of 589120084?
2
What is the ten thousands digit of 68817350?
1
What is the hundreds digit of 368574096?
0
What is the millions digit of 1669173?
1
What is the hundreds digit of 25431536?
5
What is the hundred millions digit of 398967665?
3
What is the ten millions digit of 1556110963?
5
What is the hundreds digit of 786623680?
6
What is the thousands digit of 4673029056?
9
What is the ten millions digit of 821847803?
2
What is the hundreds digit of 1050483200?
2
What is the units digit of 4818309674?
4
What is the ten thousands digit of 593241674?
4
What is the hundreds digit of 13246788?
7
What is the hundred thousands digit of 125537885?
5
What is the tens digit of 1042500197?
9
What is the tens digit of 2557935683?
8
What is the tens digit of 751628880?
8
What is the millions digit of 34762074?
4
What is the hundred millions digit of 3280961462?
2
What is the hundred thousands digit of 318800614?
8
What is the hundred thousands digit of 13764355?
7
What is the thousands digit of 46639544?
9
What is the ten thousands digit of 6548081989?
8
What is the hundreds digit of 164412240?
2
What is the millions digit of 140857099?
0
What is the hundreds digit of 44233497?
4
What is the hundreds digit of 876768499?
4
What is the hundreds digit of 20401200?
2
What is the ten thousands digit of 251127372?
2
What is the millions digit of 706816942?
6
What is the tens digit of 5945258?
5
What is the thousands digit of 22008100?
8
What is the tens digit of 14074679?
7
What is the ten thousands digit of 69885763?
8
What is the thousands digit of 1016004149?
4
What is the hundred millions digit of 307956427?
3
What is the ten thousands digit of 94260601?
6
What is the ten millions digit of 55546193?
5
What is the thousands digit of 322895362?
5
What is the hundreds digit of 48564717?
7
What is the hundred millions digit of 268410231?
2
What is the hundred millions digit of 1429528077?
4
What is the tens digit of 1223159717?
1
What is the ten thousands digit of 435895916?
9
What is the units digit of 132870194?
4
What is the units digit of 93254998?
8
What is the ten millions digit of 104549515?
0
What is the hundred thousands digit of 276348151?
3
What is the units digit of 455277853?
3
What is the millions digit of 222171508?
2
What is the hundreds digit of 3086454913?
9
What is the hundreds digit 